le of 16?
True
Is 2345 a multiple of 54?
False
Is 9 a factor of 7408?
False
Is 12 a factor of 2604?
True
Does 18 divide 14241?
False
Is 12730 a multiple of 95?
True
Is 32 a factor of 13822?
False
Is 2655 a multiple of 27?
False
Is 5130 a multiple of 30?
True
Is 116070 a multiple of 265?
True
Does 90 divide 304?
False
Does 20 divide 28840?
True
Is 12 a factor of 7862?
False
Is 8 a factor of 5938?
False
Is 42 a multiple of 6?
True
Is 11180 a multiple of 11?
False
Is 19 a factor of 133?
True
Is 1212 a multiple of 25?
False
Is 27 a factor of 2700?
True
Is 31 a factor of 4739?
False
Does 26 divide 3666?
True
Is 17 a factor of 1122?
True
Is 14 a factor of 2552?
False
Is 1608 a multiple of 24?
True
Does 35 divide 2905?
True
Does 23 divide 22309?
False
Does 25 divide 8535?
False
Is 71 even?
False
Does 9 divide 65871?
True
Is 4 a factor of 20?
True
Is 148 a multiple of 74?
True
Is 34 a factor of 2006?
True
Is 8 a factor of 8320?
True
Does 2 divide 1476?
True
Is 134 a factor of 20368?
True
Is 16835 a multiple of 79?
False
Is 155 a factor of 26505?
True
Is 8 a factor of 21?
False
Is 4 a factor of 1309?
False
Is 2792 a multiple of 8?
True
Is 11210 a multiple of 3?
False
Is 7 a factor of 2088?
False
Is 817 a multiple of 43?
True
Is 89278 a multiple of 25?
False
Is 76 a factor of 23104?
True
Is 30695 a multiple of 2?
False
Is 8468 a multiple of 58?
True
Is 2784 a multiple of 16?
True
Is 84 a factor of 3391?
False
Does 14 divide 17794?
True
Does 219 divide 22709?
False
Does 16 divide 912?
True
Is 44160 a multiple of 5?
True
Does 3 divide 339?
True
Does 9 divide 1557?
True
Does 12 divide 11748?
True
Is 693 a multiple of 9?
True
Is 358 a factor of 159668?
True
Is 14 a factor of 30800?
True
Does 115 divide 1142?
False
Is 9580 a multiple of 20?
True
Is 13 a factor of 1334?
False
Does 16 divide 8432?
True
Does 6 divide 1188?
True
Is 34152 a multiple of 155?
False
Is 29 a factor of 870?
True
Is 23 a factor of 92634?
False
Is 95 a factor of 43106?
False
Is 1154 a multiple of 8?
False
Is 52 a multiple of 3?
False
Is 3224 a multiple of 33?
False
Is 42 a multiple of 14?
True
Is 19 a factor of 26182?
True
Does 16 divide 256?
True
Is 2594 a multiple of 6?
False
Does 260 divide 10226?
False
Is 51 a factor of 4047?
False
Is 115 a multiple of 3?
False
Does 7 divide 648?
False
Is 15 a factor of 2307?
False
Does 52 divide 3588?
True
Does 41 divide 7644?
False
Does 10 divide 269?
False
Is 9745 a multiple of 5?
True
Is 3751 a multiple of 11?
True
Does 6 divide 224?
False
Does 12 divide 108?
True
Does 107 divide 8110?
False
Is 882 a multiple of 8?
False
Is 6 a factor of 278?
False
Is 19 a factor of 39291?
False
Is 5070 a multiple of 30?
True
Is 22 a factor of 25990?
False
Is 28 a factor of 10197?
False
Is 789 a multiple of 20?
False
Is 43602 a multiple of 13?
True
Is 13488 a multiple of 46?
False
Is 3960 a multiple of 12?
True
Does 3 divide 361?
False
Does 11 divide 83897?
True
Is 17 a factor of 49623?
True
Is 10164 a multiple of 66?
True
Does 66 divide 462?
True
Is 163 a factor of 52821?
False
Is 1785 a multiple of 35?
True
Does 10 divide 6430?
True
Is 36 a factor of 36?
True
Does 44 divide 28688?
True
Is 3 a factor of 384?
True
Is 2970 a multiple of 42?
False
Is 2042 a multiple of 57?
False
Does 4 divide 9524?
True
Is 8584 a multiple of 8?
True
Is 3591 a multiple of 25?
False
Does 16 divide 496?
True
Does 37 divide 765?
False
Is 1282 a multiple of 22?
False
Is 880 a multiple of 25?
False
Is 634 a multiple of 20?
False
Does 8 divide 800?
True
Is 10 a factor of 510?
True
Is 16116 a multiple of 79?
True
Does 113 divide 13786?
True
Is 3050 a multiple of 122?
True
Is 35 a factor of 1190?
True
Does 63 divide 88202?
False
Is 20 a factor of 480?
True
Does 4 divide 392?
True
Is 18 a factor of 317?
False
Is 72 a factor of 4392?
True
Is 81 a factor of 57379?
False
Is 2355 a multiple of 15?
True
Is 24 a factor of 7102?
False
Is 31216 a multiple of 262?
False
Is 1122 a multiple of 6?
True
Does 8 divide 640?
True
Is 26156 a multiple of 13?
True
Is 96 a multiple of 16?
True
Is 16470 a multiple of 90?
True
Is 108 a factor of 2052?
True
Does 75 divide 4173?
False
Is 3332 a multiple of 28?
True
Is 122 a factor of 122?
True
Is 2 a factor of 1346?
True
Does 60 divide 1064?
False
Is 13017 a multiple of 12?
False
Does 61 divide 122?
True
Is 5292 a multiple of 10?
False
Does 14 divide 56?
True
Is 4 a factor of 8694?
False
Is 14 a factor of 1092?
True
Is 260 a multiple of 13?
True
Does 5 divide 17630?
True
Is 1016 a multiple of 69?
False
Is 12863 a multiple of 17?
False
Is 8120 a multiple of 35?
True
Does 12 divide 4220?
False
Is 10 a factor of 740?
True
Is 4494 a multiple of 6?
True
Is 600 a multiple of 6?
True
Does 2 divide 105?
False
Is 28 a factor of 151732?
True
Is 171597 a multiple of 120?
False
Is 616 a multiple of 88?
True
Is 19 a factor of 434?
False
Is 60 a factor of 540?
True
Is 77 a factor of 29645?
True
Is 333 a multiple of 37?
True
Is 52471 a multiple of 142?
False
Is 21 a factor of 16464?
True
Does 21 divide 22699?
False
Does 10 divide 41257?
False
Does 70 divide 3290?
True
Is 7784 a multiple of 23?
False
Is 602 a multiple of 86?
True
Is 36 even?
True
Does 3 divide 745?
False
Is 244 a multiple of 3?
False
Is 417 even?
False
Is 4 a factor of 67?
False
Is 116 a factor of 11245?
False
Is 8 a factor of 317?
False
Is 35700 a multiple of 10?
True
Is 991 a multiple of 20?
False
Is 9923 a multiple of 6?
False
Is 50 a factor of 650?
True
Is 39 a factor of 33189?
True
Is 51 a factor of 7889?
False
Does 9 divide 74?
False
Is 1798 a multiple of 29?
True
Is 38904 a multiple of 12?
True
Is 108 a multiple of 27?
True
Is 27 a multiple of 4?
False
Is 173 a factor of 9068?
False
Does 21 divide 189?
True
Is 504 a multiple of 16?
False
Does 5 divide 276?
False
Is 1536 a multiple of 6?
True
Does 41 divide 596?
False
Is 17 a factor of 11693?
False
Is 15 a factor of 2595?
True
Is 67 a multiple of 17?
False
Is 98865 a multiple of 45?
True
Is 9 a factor of 1038?
False
Does 17 divide 506?
False
Is 7165 a multiple of 6?
False
Does 78 divide 23503?
False
Is 6322 a multiple of 7?
False
Is 2430 a multiple of 90?
True
Is 4114 a multiple of 34?
True
Is 37 a factor of 1028?
False
Is 107 a factor of 642?
True
Is 30 a factor of 916?
False
Is 10 a factor of 3020?
True
Is 17 a factor of 15674?
True
Is 51 a factor of 465?
False
Is 18 a factor of 1350?
True
Is 5 a factor of 1103?
False
Is 77 a factor of 31185?
True
Is 1794 a multiple of 6?
True
Is 25 a factor of 31918?
False
Is 190 a factor of 18181?
False
Is 12 a factor of 201?
False
Is 40 a factor of 2305?
False
Does 3 divide 910?
False
Does 5 divide 680?
True
Does 7 divide 5607?
True
Does 5 divide 643?
False
Does 10 divide 2720?
True
Is 6 a factor of 7496?
False
Is 673 a multiple of 43?
False
Does 32 divide 800?
True
Does 16 divide 11664?
True
Is 51297 a multiple of 64?
False
Is 9 a factor of 307?
False
Is 2410 a multiple of 44?
False
Is 996 a multiple of 12?
True
Is 240 a multiple of 10?
True
Does 211 divide 14355?
False
Is 1892 a multiple of 51?
False
Is 27 a factor of 219?
False
Does 20 divide 909?
False
Is 40 a factor of 6480?
True
Is 1544 a multiple of 60?
False
Is 19300 a multiple of 300?
False
Is 8 a factor of 9?
False
Is 10557 a multiple of 57?
False
Is 35176 a multiple of 11?
False
Is 130 a factor of 22490?
True
Is 8 a factor of 18544?
True
Is 7 a multiple of 7?
True
Is 62 a factor of 24222?
False
Is 20 a factor of 63?
False
Is 14 a factor of 714?
True
Does 13 divide 5850?
True
Is 37 a multiple of 12?
False
Is 8880 a multiple of 48?
True
Is 10 a factor of 9440?
True
Does 14 divide 714?
True
Does 9 divide 513?
True
Does 84 divide 1008?
True
Does 12 divide 3588?
True
Is 27 a factor of 1165?
False
Does 69 divide 207?
True
Does 130 divide 1149?
False
Does 64 divide 4558?
False
Does 13 divide 127518?
False
Is 2302 a multiple of 6?
False
Does 7 divide 1589?
True
Does 36 divide 29448?
True
Does 29 divide 667?
True
Is 109106 a multiple of 171?
False
Is 723 a multiple of 39?
False
Is 31376 a multiple of 129?
False
Is 2343 a multiple of 33?
True
Is 130293 a multiple of 342?
False
Is 2797 a multiple of 10?
False
Does 13 divide 7725?
False
Does 68 divide 6341?
False
Is 1519 a multiple of 49?
True
Does 23 divide 13133?
True
Is 443 a multiple of 7?
False
Is 9 a factor o